 divided by (-687)/(-18) + 4/(-24)?
36
Let h(o) = 42*o - 4. What is the remainder when h(1) is divided by 18/(-24) + (-54)/(-8)?
2
Suppose -n = -2*j - 4*n + 6, 5*j + 3*n = 6. Let c = 354 + -263. What is the remainder when c is divided by -1 + j + 8*3?
22
Suppose -2*n + 3 + 19 = -r, 16 = n - 3*r. Calculate the remainder when 19 is divided by n.
9
Let w be (-7 - (-1 + 0)) + (-15 - -17). Calculate the remainder when 92/(-5)*(-3 - (-8)/w) is divided by 16.
12
Suppose -3*c + 202 = -0*c + j, -330 = -5*c + 5*j. Let o = 87 - c. Let k = 26 + 13. Calculate the remainder when k is divided by o.
19
Let x(j) be the third derivative of j**5/60 + 11*j**4/24 - 11*j**3/6 + 3*j**2. Let g be x(-11). What is the remainder when 1785/165 - 2/g is divided by 4?
3
Let w(c) = -c**2 + 4*c + 3. Let t be w(3). Suppose -2*s + t*s = 56. Calculate the remainder when 137 is divided by s.
11
Let j = -5 + 8. Suppose 0 = -4*x - 5*d + 131, -5*x + 4*d + 46 = -j*x. Let l = -205 + 215. Calculate the remainder when x is divided by l.
9
Let v be 2/(-6)*3*-2. Suppose -5*k = -4*n + v*n - 24, -6 = -2*k + 2*n. Calculate the remainder when 15 is divided by k.
3
Suppose -6*t + 54 = -2*t - k, -5*t - 3*k + 76 = 0. Suppose 4*r - 3*f - 18 = 3*r, -4*r - 5*f + 21 = 0. What is the remainder when t is divided by r?
5
Suppose 8*o - 52 = 7*o. Calculate the remainder when 202 is divided by o.
46
Let n be (-312)/(-60) + (-1)/5. Let i be (-2)/7 + (-60)/(-14). Suppose -5*w = -i*w - n. Calculate the remainder when 24 is divided by w.
4
Let f(l) = 2*l - 28. Let t be f(17). Let d(y) = -y**2 + 2*y + 6. Let u be d(t). Calculate the remainder when 62 is divided by (-8 + u)/(-1*2).
10
Suppose 3*o + 496 = 19*o. Suppose 3*n - x - 4*x = o, -3*n + 63 = 3*x. What is the remainder when n is divided by 7?
3
Suppose 0*m - 2*f = -2*m + 338, -f = 5. Suppose -4*y + 60 + m = 0. Let t = 42 + -23. What is the remainder when y is divided by t?
18
Suppose -4*l = -4*y, -3*y - 5*l + 12 = -2*l. Suppose 0 = -m - k + 11, -3*k + 5*k - y = 0. Calculate the remainder when 2/(-1 + 20/19) is divided by m.
8
Suppose 0 = -19*l + 6*l + 468. Let j = 14 + -2. Let q = j - 2. What is the remainder when l is divided by q?
6
Suppose -5*t = f + 3*f - 32, 18 = t - 5*f. Calculate the remainder when -2 + (-5)/(-15) - 71/(-3) is divided by t.
6
Suppose 864*k + 120 = 870*k. Calculate the remainder when 418 is divided by k.
18
Suppose 0 = -z - 0 + 3. Let w = 2 - z. Calculate the remainder when w/((15/129)/(-5)) is divided by 23.
20
Suppose -4*z = 4*z - 272. Suppose o + 5*x = 174, 3*x + 239 = -3*o + 749. What is the remainder when o is divided by z?
33
Suppose -3*x - 765 = -810. What is the remainder when 50 is divided by x?
5
Suppose 3*g = -z + 71 - 19, 3*g = 5*z - 170. Calculate the remainder when (z/(-4))/(2/(-8)) is divided by 19.
18
Let l be -1 + (-6 + 1)/5. Let h(u) = -2*u**3 - 5*u**2 - 5*u - 1. What is the remainder when 24 is divided by h(l)?
4
What is the remainder when ((-8792)/(-140))/((-2)/(-10)) is divided by 63?
62
Let f(n) = 3*n - 43. Let p = -40 - -60. What is the remainder when 60 is divided by f(p)?
9
Let k be 1 + -3 + 54 + -4. Suppose -3*q + k = -0*q. Calculate the remainder when 46 is divided by q.
14
Let m be (-3)/6*-2 - -4. Suppose 5*v - 3*v + 2*l - 12 = 0, m*l = -25. Suppose -11 = p - 52. What is the remainder when p is divided by v?
8
What is the remainder when ((-74)/5)/(8 - (-126)/(-15)) is divided by 24?
13
Let a(u) = -54*u + 6. Let j(o) = o**3 - 10*o**2 + 10*o + 7. Calculate the remainder when a(-1) is divided by j(9).
12
What is the remainder when 28 is divided by 20 - (9 + (1 - 5))?
13
Let b = -110 + 274. Let m = b - 97. Calculate the remainder when m is divided by 23.
21
Suppose 815 = -20*f - 1425. Let o = 9 - -13. Calculate the remainder when o is divided by (f/21)/(2/(-3)).
6
Let v(t) = t**3 - 5*t**2 + 2*t - 2. Calculate the remainder when (515/(-309))/((-2)/114) is divided by v(5).
7
Let t = 196 - 165. Calculate the remainder when 184 is divided by t.
29
Let w(u) = -u**3 - 19*u**2 - u - 14. Let g be w(-19). Suppose -11 = g*f - 36. Calculate the remainder when 32 is divided by f.
2
Let j(x) = -x**2 + 8*x - 10. What is the remainder when 23 is divided by j(3)?
3
Suppose 0*x = 2*x - 6. Let q = -2137 - -2142. Calculate the remainder when q is divided by x.
2
Suppose 5*g = h + 270, -1326 = 5*h - 0*g - g. Let v = 383 + h. What is the remainder when v is divided by 20?
18
Suppose -14*j + 14 = -168. Calculate the remainder when j is divided by 7 - 2/(-1 + -1).
5
Let d = -7 + 29. Calculate the remainder when 12 is divided by (-18)/(-99) - (-62)/d.
0
Calculate the remainder when (-5)/55 + (-106160)/(-110) is divided by 7.
6
Let c(f) = 2*f**3 - 37*f**2 + 19*f - 1. Calculate the remainder when 59 is divided by c(18).
8
Let p = 134 + -93. Let s(c) = -c**3 - 2*c**2 - c + 3. Let z be 1/(2/(-6))*1. Calculate the remainder when p is divided by s(z).
11
Let b(i) = i**2. Let p(t) = -t**2 + 22*t - 38. Let f(z) = -2*b(z) - p(z). Let w(x) = 5*x + 2. What is the remainder when f(-20) is divided by w(5)?
24
Suppose -2*k + 8*h - 9*h + 7 = 0, 0 = -3*k - 4*h + 13. What is the remainder when k is divided by (3/(-4))/((-4)/16)?
0
Suppose x = -14 + 18. Let o be (-2)/x + (-68)/(-8). What is the remainder when (o - 4) + 0 - -34 is divided by 14?
10
Let q = 3780 + -3232. Calculate the remainder when q is divided by 61.
60
Suppose -8*a + 78 + 146 = 0. Calculate the remainder when 77 is divided by a.
21
Let q be ((-64)/(-28))/2*7. Suppose 193 = s - q. What is the remainder when s is divided by 51?
48
Suppose 5*r = 2*l + 232, -10*l - 12 = -13*l. What is the remainder when 59 is divided by r?
11
Let a(k) = k**3 - 9*k**2 - 9*k + 6. Let i be (60/18)/(3/9). What is the remainder when 28 is divided by a(i)?
12
Let w(q) = -q**2 + 11*q - 13. Let r be w(10). Let f(l) = 6*l**2 - 3. Suppose 195 = 10*p + 5*p. What is the remainder when f(r) is divided by p?
12
Suppose 0 = 5*c - 5*h - 900, 4*c - 358 = -4*h + 338. What is the remainder when c is divided by 12?
9
Suppose 0 = -5*a + p + 36, -3*p + 20 = 2*p. Let h be (-5)/(20/a)*-3. Suppose h*n = 3*n + 42. Calculate the remainder when 27 is divided by n.
13
Let d be ((-4)/(-3))/(18/27). Suppose 0*n = -d*n - 48. Calculate the remainder when 105/(-14)*n/5 is divided by 13.
10
Let d = 440 + -413. Calculate the remainder when 157 is divided by d.
22
Suppose -3*o - 24 = -84. What is the remainder when 79 is divided by o?
19
Suppose -9*m - 21*m + 2220 = 0. Calculate the remainder when m is divided by 5.
4
Let a(n) = -n**2 + 66. Let d be 0/(4/2 + -3). What is the remainder when a(d) is divided by 35?
31
Let m(f) = f**3 + 45*f**2 + 44*f + 35. What is the remainder when 69 is divided by m(-44)?
34
Let b = -1922 + 1947. What is the remainder when 65 is divided by b?
15
Calculate the remainder when 7 - -1 - -111 - (0 - 1) is divided by 41.
38
Let i(d) = -d**3 + 4*d**2 - 2*d - 6. Let l be i(3). Suppose -2*z = -6, 2*s = s - 3*z - 6. What is the remainder when 28 is divided by l + 3 - 1*s?
13
Let i(t) = t**2 - 6*t - 10. Let o be i(8). Let r(q) = q**2 - 3*q + 1. Let g(x) = 18*x + 1. Calculate the remainder when g(3) is divided by r(o).
17
Suppose 20*q - 17*q - 75 = 0. Calculate the remainder when 118 is divided by q.
18
Suppose -5*m - 5*f = -60 - 0, m = 5*f. Let a = 8 - 6. Suppose -a - 1 = -j. Calculate the remainder when m is divided by j.
1
Let s(q) = -q**2 + 7*q + 14. Let f be s(8). Suppose y + 0*y = -i, -3*i = -2*y - 5. Calculate the remainder when y/f + 3180/72 is divided by 15.
14
Suppose -4 = 2*r, -2*r + 14 = 2*q - 4*r. Let c be (-32)/q*275/(-22). Let o = c - 0. Calculate the remainder when o is divided by 21.
17
Let l(f) = f**3 - 2*f**2 + 8*f + 5. Let a(r) = r**3 + 6*r**2 + 4*r + 9. What is the remainder when l(4) is divided by a(-4)?
19
Let k(l) = l**2 + 14*l - 14. Let a be k(-19). Let w = -64 + a. Calculate the remainder when 134 is divided by w.
15
Let i(j) = -2*j - 16. Let y be i(-10). Let d be ((-6)/(-6))/((-2)/6). Calculate the remainder when (d + y)*46 + -3 is divided by 11.
10
Suppose 2*a - 676 = -24*a. What is the remainder when 103 is divided by a?
25
Let f be 1*(3 + 3) + -1. Let d be (-2)/4*(f + -5). Suppose -4*o + 53 + 27 = d. Calculate the remainder when 37 is divided by o.
17
Suppose 50 = 5*i - 65. Let m(l) 